/home/crealab/access-logs/delcarajo.brainware.com.co
216.73.216.146 - - [08/Jan/2026:12:32:07 +0000] "GET /robots.txt HTTP/1.1" 200 113 "-" "Mozilla/5.0 AppleWebKit/537.36 (KHTML, like Gecko; compatible; ClaudeBot/1.0; +claudebot@anthropic.com)"
216.73.216.146 - - [08/Jan/2026:12:32:07 +0000] "GET / HTTP/1.1" 200 1368 "-" "Mozilla/5.0 AppleWebKit/537.36 (KHTML, like Gecko; compatible; ClaudeBot/1.0; +claudebot@anthropic.com)"
216.73.216.146 - - [08/Jan/2026:13:03:55 +0000] "GET /pages.php?l=5289 HTTP/1.1" 200 80418 "-" "Mozilla/5.0 AppleWebKit/537.36 (KHTML, like Gecko; compatible; ClaudeBot/1.0; +claudebot@anthropic.com)"
101.99.88.90 - - [08/Jan/2026:12:55:36 +0000] "GET / HTTP/1.1" 200 5151 "-" "Mozilla/5.0 (compatible; Googlebot/2.1; +http://www.google.com/bot.html)"
101.99.88.90 - - [08/Jan/2026:12:55:36 +0000] "GET /wp-includes/qq4c4896/index.php HTTP/1.1" 404 1251 "-" "-"
216.73.216.146 - - [08/Jan/2026:13:54:29 +0000] "GET / HTTP/1.1" 200 1368 "-" "Mozilla/5.0 AppleWebKit/537.36 (KHTML, like Gecko; compatible; ClaudeBot/1.0; +claudebot@anthropic.com)"
216.73.216.146 - - [08/Jan/2026:14:25:58 +0000] "GET /pages.php?l=28161 HTTP/1.1" 200 80531 "-" "Mozilla/5.0 AppleWebKit/537.36 (KHTML, like Gecko; compatible; ClaudeBot/1.0; +claudebot@anthropic.com)"
101.99.88.90 - - [08/Jan/2026:14:40:40 +0000] "GET / HTTP/1.1" 200 5151 "-" "Mozilla/5.0 (compatible; Googlebot/2.1; +http://www.google.com/bot.html)"
216.73.216.146 - - [08/Jan/2026:15:33:43 +0000] "GET /robots.txt HTTP/1.1" 200 113 "-" "Mozilla/5.0 AppleWebKit/537.36 (KHTML, like Gecko; compatible; ClaudeBot/1.0; +claudebot@anthropic.com)"
216.73.216.146 - - [08/Jan/2026:15:33:43 +0000] "GET / HTTP/1.1" 200 1368 "-" "Mozilla/5.0 AppleWebKit/537.36 (KHTML, like Gecko; compatible; ClaudeBot/1.0; +claudebot@anthropic.com)"
216.73.216.146 - - [08/Jan/2026:13:36:51 +0000] "GET /robots.txt HTTP/1.1" 200 113 "-" "Mozilla/5.0 AppleWebKit/537.36 (KHTML, like Gecko; compatible; ClaudeBot/1.0; +claudebot@anthropic.com)"
216.73.216.146 - - [08/Jan/2026:13:36:51 +0000] "GET / HTTP/1.1" 200 1368 "-" "Mozilla/5.0 AppleWebKit/537.36 (KHTML, like Gecko; compatible; ClaudeBot/1.0; +claudebot@anthropic.com)"
101.99.88.90 - - [08/Jan/2026:14:40:41 +0000] "GET /wp-includes/qq4c4896/index.php HTTP/1.1" 404 1251 "-" "-"
101.99.88.90 - - [08/Jan/2026:16:37:58 +0000] "GET /wp-includes/qq4c4896/index.php HTTP/1.1" 404 1251 "-" "-"
199.45.155.67 - - [08/Jan/2026:16:58:43 +0000] "GET / HTTP/1.1" 200 1615 "-" "Mozilla/5.0 (compatible; CensysInspect/1.1; +https://about.censys.io/)"
199.45.155.67 - - [08/Jan/2026:16:58:46 +0000] "GET /favicon.ico HTTP/1.1" 404 1251 "-" "Mozilla/5.0 (compatible; CensysInspect/1.1; +https://about.censys.io/)"
199.45.155.67 - - [08/Jan/2026:16:59:02 +0000] "GET / HTTP/1.1" 200 1615 "-" "Mozilla/5.0 (compatible; CensysInspect/1.1; +https://about.censys.io/)"
216.73.216.146 - - [08/Jan/2026:17:18:23 +0000] "GET /robots.txt HTTP/1.1" 200 113 "-" "Mozilla/5.0 AppleWebKit/537.36 (KHTML, like Gecko; compatible; ClaudeBot/1.0; +claudebot@anthropic.com)"
216.73.216.146 - - [08/Jan/2026:17:18:23 +0000] "GET / HTTP/1.1" 200 1368 "-" "Mozilla/5.0 AppleWebKit/537.36 (KHTML, like Gecko; compatible; ClaudeBot/1.0; +claudebot@anthropic.com)"
216.73.216.146 - - [08/Jan/2026:16:20:50 +0000] "GET / HTTP/1.1" 200 1368 "-" "Mozilla/5.0 AppleWebKit/537.36 (KHTML, like Gecko; compatible; ClaudeBot/1.0; +claudebot@anthropic.com)"
101.99.88.90 - - [08/Jan/2026:16:37:57 +0000] "GET / HTTP/1.1" 200 5151 "-" "Mozilla/5.0 (compatible; Googlebot/2.1; +http://www.google.com/bot.html)"
199.45.155.67 - - [08/Jan/2026:16:58:54 +0000] "GET / HTTP/1.1" 200 1615 "-" "Mozilla/5.0 (compatible; CensysInspect/1.1; +https://about.censys.io/)"
199.45.155.67 - - [08/Jan/2026:16:58:54 +0000] "GET /f2376f/ HTTP/1.1" 302 0 "-" "Mozilla/5.0 (compatible; CensysInspect/1.1; +https://about.censys.io/)"
101.99.88.90 - - [08/Jan/2026:18:45:55 +0000] "GET / HTTP/1.1" 200 5151 "-" "Mozilla/5.0 (compatible; Googlebot/2.1; +http://www.google.com/bot.html)"
216.73.216.146 - - [08/Jan/2026:18:35:05 +0000] "GET /robots.txt HTTP/1.1" 200 113 "-" "Mozilla/5.0 AppleWebKit/537.36 (KHTML, like Gecko; compatible; ClaudeBot/1.0; +claudebot@anthropic.com)"
216.73.216.146 - - [08/Jan/2026:18:35:05 +0000] "GET / HTTP/1.1" 200 1368 "-" "Mozilla/5.0 AppleWebKit/537.36 (KHTML, like Gecko; compatible; ClaudeBot/1.0; +claudebot@anthropic.com)"
101.99.88.90 - - [08/Jan/2026:18:45:55 +0000] "GET /wp-includes/qq4c4896/index.php HTTP/1.1" 404 1251 "-" "-"
204.12.208.18 - - [08/Jan/2026:19:01:28 +0000] "GET /wp-includes/qq4c4896/index.php HTTP/1.1" 404 1251 "http://delcarajo.brainware.com.co/wp-includes/qq4c4896/index.php" "Mozilla/5.0 (Macintosh; Intel Mac OS X 10.6; rv:6.0.2) Gecko/20100101 Firefox/6.0.2"
101.99.88.90 - - [08/Jan/2026:20:06:53 +0000] "GET /wp-includes/qq4c4896/index.php HTTP/1.1" 404 1251 "-" "-"
185.177.72.60 - - [08/Jan/2026:20:55:14 +0000] "GET /.env.local HTTP/1.1" 404 1251 "-" "Mozilla/5.0 (Windows NT 10.0; Win64; x64) AppleWebKit/537.36"
185.177.72.60 - - [08/Jan/2026:20:55:48 +0000] "GET /credentials.json HTTP/1.1" 404 1251 "-" "Mozilla/5.0 (Windows NT 10.0; Win64; x64) AppleWebKit/537.36"
185.177.72.60 - - [08/Jan/2026:21:09:28 +0000] "GET /.env.development HTTP/1.1" 404 1251 "-" "Mozilla/5.0 (Windows NT 10.0; Win64; x64) AppleWebKit/537.36"
185.177.72.60 - - [08/Jan/2026:21:09:53 +0000] "GET /config.json HTTP/1.1" 404 1251 "-" "Mozilla/5.0 (Windows NT 10.0; Win64; x64) AppleWebKit/537.36"
185.177.72.60 - - [08/Jan/2026:21:10:00 +0000] "GET /server.js HTTP/1.1" 404 1251 "-" "Mozilla/5.0 (Windows NT 10.0; Win64; x64) AppleWebKit/537.36"
185.177.72.60 - - [08/Jan/2026:21:10:00 +0000] "GET /wp-config.php.bak HTTP/1.1" 404 1251 "-" "Mozilla/5.0 (Windows NT 10.0; Win64; x64) AppleWebKit/537.36"
204.12.208.18 - - [08/Jan/2026:20:41:44 +0000] "GET /wp-includes/qq4c4896/index.php HTTP/1.1" 404 1251 "http://delcarajo.brainware.com.co/wp-includes/qq4c4896/index.php" "Mozilla/5.0 (Windows NT 5.1; rv:6.0) Gecko/20100101 Firefox/6.0"
185.177.72.60 - - [08/Jan/2026:20:55:15 +0000] "GET /.env.production HTTP/1.1" 404 1251 "-" "Mozilla/5.0 (Windows NT 10.0; Win64; x64) AppleWebKit/537.36"
185.177.72.60 - - [08/Jan/2026:20:55:33 +0000] "GET /test.php HTTP/1.1" 404 1251 "-" "Mozilla/5.0 (Windows NT 10.0; Win64; x64) AppleWebKit/537.36"
185.177.72.60 - - [08/Jan/2026:20:55:53 +0000] "GET /settings.json HTTP/1.1" 404 1251 "-" "Mozilla/5.0 (Windows NT 10.0; Win64; x64) AppleWebKit/537.36"
185.177.72.60 - - [08/Jan/2026:20:56:01 +0000] "GET /swagger.json HTTP/1.1" 404 1251 "-" "Mozilla/5.0 (Windows NT 10.0; Win64; x64) AppleWebKit/537.36"
185.177.72.60 - - [08/Jan/2026:21:09:25 +0000] "HEAD / HTTP/1.1" 200 0 "-" "Mozilla/5.0 (Windows NT 10.0; Win64; x64) AppleWebKit/537.36"
185.177.72.60 - - [08/Jan/2026:21:09:28 +0000] "GET /.env.production HTTP/1.1" 404 1251 "-" "Mozilla/5.0 (Windows NT 10.0; Win64; x64) AppleWebKit/537.36"
185.177.72.60 - - [08/Jan/2026:21:09:30 +0000] "GET /.env.old HTTP/1.1" 404 1251 "-" "Mozilla/5.0 (Windows NT 10.0; Win64; x64) AppleWebKit/537.36"
185.177.72.60 - - [08/Jan/2026:21:09:46 +0000] "GET /info.php HTTP/1.1" 404 1251 "-" "Mozilla/5.0 (Windows NT 10.0; Win64; x64) AppleWebKit/537.36"
185.177.72.60 - - [08/Jan/2026:21:09:47 +0000] "GET /php.php HTTP/1.1" 404 1251 "-" "Mozilla/5.0 (Windows NT 10.0; Win64; x64) AppleWebKit/537.36"
185.177.72.60 - - [08/Jan/2026:21:09:47 +0000] "GET /pi.php HTTP/1.1" 404 1251 "-" "Mozilla/5.0 (Windows NT 10.0; Win64; x64) AppleWebKit/537.36"
185.177.72.60 - - [08/Jan/2026:21:09:49 +0000] "GET /phpinfo HTTP/1.1" 404 1251 "-" "Mozilla/5.0 (Windows NT 10.0; Win64; x64) AppleWebKit/537.36"
185.177.72.60 - - [08/Jan/2026:21:09:54 +0000] "GET /secrets.json HTTP/1.1" 404 1251 "-" "Mozilla/5.0 (Windows NT 10.0; Win64; x64) AppleWebKit/537.36"
185.177.72.60 - - [08/Jan/2026:21:10:04 +0000] "GET /.git/config HTTP/1.1" 403 1242 "-" "Mozilla/5.0 (Windows NT 10.0; Win64; x64) AppleWebKit/537.36"
185.177.72.60 - - [08/Jan/2026:21:10:07 +0000] "GET /.git-credentials HTTP/1.1" 404 1251 "-" "Mozilla/5.0 (Windows NT 10.0; Win64; x64) AppleWebKit/537.36"
185.177.72.60 - - [08/Jan/2026:21:10:13 +0000] "GET /swagger/v2/swagger.json HTTP/1.1" 404 1251 "-" "Mozilla/5.0 (Windows NT 10.0; Win64; x64) AppleWebKit/537.36"
101.99.88.90 - - [08/Jan/2026:20:06:52 +0000] "GET / HTTP/1.1" 200 5151 "-" "Mozilla/5.0 (compatible; Googlebot/2.1; +http://www.google.com/bot.html)"
216.73.216.146 - - [08/Jan/2026:20:40:53 +0000] "GET /robots.txt HTTP/1.1" 200 113 "-" "Mozilla/5.0 AppleWebKit/537.36 (KHTML, like Gecko; compatible; ClaudeBot/1.0; +claudebot@anthropic.com)"
216.73.216.146 - - [08/Jan/2026:20:40:53 +0000] "GET / HTTP/1.1" 200 1368 "-" "Mozilla/5.0 AppleWebKit/537.36 (KHTML, like Gecko; compatible; ClaudeBot/1.0; +claudebot@anthropic.com)"
185.177.72.60 - - [08/Jan/2026:20:55:12 +0000] "GET / HTTP/1.1" 200 5151 "-" "Mozilla/5.0 (Windows NT 10.0; Win64; x64) AppleWebKit/537.36"
185.177.72.60 - - [08/Jan/2026:20:55:21 +0000] "GET /.env.save HTTP/1.1" 404 1251 "-" "Mozilla/5.0 (Windows NT 10.0; Win64; x64) AppleWebKit/537.36"
185.177.72.60 - - [08/Jan/2026:20:55:23 +0000] "GET /.env.prod HTTP/1.1" 404 1251 "-" "Mozilla/5.0 (Windows NT 10.0; Win64; x64) AppleWebKit/537.36"
185.177.72.60 - - [08/Jan/2026:20:55:27 +0000] "GET /.secrets HTTP/1.1" 404 1251 "-" "Mozilla/5.0 (Windows NT 10.0; Win64; x64) AppleWebKit/537.36"
185.177.72.60 - - [08/Jan/2026:20:55:36 +0000] "GET /pi.php HTTP/1.1" 404 1251 "-" "Mozilla/5.0 (Windows NT 10.0; Win64; x64) AppleWebKit/537.36"
185.177.72.60 - - [08/Jan/2026:20:55:48 +0000] "GET /appsettings.json HTTP/1.1" 404 1251 "-" "Mozilla/5.0 (Windows NT 10.0; Win64; x64) AppleWebKit/537.36"
185.177.72.60 - - [08/Jan/2026:20:55:50 +0000] "GET /server.js HTTP/1.1" 404 1251 "-" "Mozilla/5.0 (Windows NT 10.0; Win64; x64) AppleWebKit/537.36"
185.177.72.60 - - [08/Jan/2026:20:55:51 +0000] "GET /wp-config.php.bak HTTP/1.1" 404 1251 "-" "Mozilla/5.0 (Windows NT 10.0; Win64; x64) AppleWebKit/537.36"
185.177.72.60 - - [08/Jan/2026:20:55:51 +0000] "GET /config.php.bak HTTP/1.1" 404 1251 "-" "Mozilla/5.0 (Windows NT 10.0; Win64; x64) AppleWebKit/537.36"
185.177.72.60 - - [08/Jan/2026:20:55:53 +0000] "GET /.git/config HTTP/1.1" 403 1242 "-" "Mozilla/5.0 (Windows NT 10.0; Win64; x64) AppleWebKit/537.36"
185.177.72.60 - - [08/Jan/2026:21:09:26 +0000] "GET /.env HTTP/1.1" 404 1251 "-" "Mozilla/5.0 (Windows NT 10.0; Win64; x64) AppleWebKit/537.36"
185.177.72.60 - - [08/Jan/2026:21:09:47 +0000] "GET /test.php HTTP/1.1" 404 1251 "-" "Mozilla/5.0 (Windows NT 10.0; Win64; x64) AppleWebKit/537.36"
185.177.72.60 - - [08/Jan/2026:21:10:02 +0000] "GET /config.js HTTP/1.1" 404 1251 "-" "Mozilla/5.0 (Windows NT 10.0; Win64; x64) AppleWebKit/537.36"
185.177.72.60 - - [08/Jan/2026:21:10:07 +0000] "GET /.gitignore HTTP/1.1" 404 1251 "-" "Mozilla/5.0 (Windows NT 10.0; Win64; x64) AppleWebKit/537.36"
185.177.72.60 - - [08/Jan/2026:21:10:13 +0000] "GET /api/swagger.json HTTP/1.1" 404 1251 "-" "Mozilla/5.0 (Windows NT 10.0; Win64; x64) AppleWebKit/537.36"
216.73.216.146 - - [08/Jan/2026:21:33:23 +0000] "GET / HTTP/1.1" 200 1368 "-" "Mozilla/5.0 AppleWebKit/537.36 (KHTML, like Gecko; compatible; ClaudeBot/1.0; +claudebot@anthropic.com)"
185.177.72.16 - - [08/Jan/2026:22:09:06 +0000] "GET /.env.local HTTP/1.1" 404 1251 "-" "Mozilla/5.0 (Windows NT 10.0; Win64; x64) AppleWebKit/537.36"
185.177.72.16 - - [08/Jan/2026:22:09:18 +0000] "GET /phpinfo.php HTTP/1.1" 404 1251 "-" "Mozilla/5.0 (Windows NT 10.0; Win64; x64) AppleWebKit/537.36"
185.177.72.16 - - [08/Jan/2026:22:09:29 +0000] "GET /secrets.json HTTP/1.1" 404 1251 "-" "Mozilla/5.0 (Windows NT 10.0; Win64; x64) AppleWebKit/537.36"
185.177.72.16 - - [08/Jan/2026:22:09:36 +0000] "GET /wp-config.php.bak HTTP/1.1" 404 1251 "-" "Mozilla/5.0 (Windows NT 10.0; Win64; x64) AppleWebKit/537.36"
185.177.72.16 - - [08/Jan/2026:22:09:38 +0000] "GET /config.js HTTP/1.1" 404 1251 "-" "Mozilla/5.0 (Windows NT 10.0; Win64; x64) AppleWebKit/537.36"
185.177.72.16 - - [08/Jan/2026:22:09:06 +0000] "GET /.env.production HTTP/1.1" 404 1251 "-" "Mozilla/5.0 (Windows NT 10.0; Win64; x64) AppleWebKit/537.36"
185.177.72.16 - - [08/Jan/2026:22:09:13 +0000] "GET /.env.prod HTTP/1.1" 404 1251 "-" "Mozilla/5.0 (Windows NT 10.0; Win64; x64) AppleWebKit/537.36"
185.177.72.16 - - [08/Jan/2026:22:09:16 +0000] "GET /.env.staging HTTP/1.1" 404 1251 "-" "Mozilla/5.0 (Windows NT 10.0; Win64; x64) AppleWebKit/537.36"
185.177.72.16 - - [08/Jan/2026:22:09:18 +0000] "GET /.credentials HTTP/1.1" 404 1251 "-" "Mozilla/5.0 (Windows NT 10.0; Win64; x64) AppleWebKit/537.36"
185.177.72.16 - - [08/Jan/2026:22:09:20 +0000] "GET /test.php HTTP/1.1" 404 1251 "-" "Mozilla/5.0 (Windows NT 10.0; Win64; x64) AppleWebKit/537.36"
185.177.72.16 - - [08/Jan/2026:22:09:23 +0000] "GET /i.php HTTP/1.1" 404 1251 "-" "Mozilla/5.0 (Windows NT 10.0; Win64; x64) AppleWebKit/537.36"
101.99.88.90 - - [08/Jan/2026:22:28:37 +0000] "GET / HTTP/1.1" 200 5151 "-" "Mozilla/5.0 (compatible; Googlebot/2.1; +http://www.google.com/bot.html)"
101.99.88.90 - - [09/Jan/2026:00:33:32 +0000] "GET /wp-includes/qq4c4896/index.php HTTP/1.1" 404 1251 "-" "-"
185.177.72.16 - - [08/Jan/2026:22:09:04 +0000] "HEAD / HTTP/1.1" 200 0 "-" "Mozilla/5.0 (Windows NT 10.0; Win64; x64) AppleWebKit/537.36"
185.177.72.16 - - [08/Jan/2026:22:09:07 +0000] "GET /.env.development HTTP/1.1" 404 1251 "-" "Mozilla/5.0 (Windows NT 10.0; Win64; x64) AppleWebKit/537.36"
185.177.72.16 - - [08/Jan/2026:22:09:11 +0000] "GET /.env.save HTTP/1.1" 404 1251 "-" "Mozilla/5.0 (Windows NT 10.0; Win64; x64) AppleWebKit/537.36"
185.177.72.16 - - [08/Jan/2026:22:09:23 +0000] "GET /pi.php HTTP/1.1" 404 1251 "-" "Mozilla/5.0 (Windows NT 10.0; Win64; x64) AppleWebKit/537.36"
185.177.72.16 - - [08/Jan/2026:22:09:23 +0000] "GET /phpinfo HTTP/1.1" 404 1251 "-" "Mozilla/5.0 (Windows NT 10.0; Win64; x64) AppleWebKit/537.36"
185.177.72.16 - - [08/Jan/2026:22:09:35 +0000] "GET /server.js HTTP/1.1" 404 1251 "-" "Mozilla/5.0 (Windows NT 10.0; Win64; x64) AppleWebKit/537.36"
185.177.72.16 - - [08/Jan/2026:22:09:40 +0000] "GET /.git/config HTTP/1.1" 403 1242 "-" "Mozilla/5.0 (Windows NT 10.0; Win64; x64) AppleWebKit/537.36"
185.177.72.16 - - [08/Jan/2026:22:09:48 +0000] "GET /swagger.json HTTP/1.1" 404 1251 "-" "Mozilla/5.0 (Windows NT 10.0; Win64; x64) AppleWebKit/537.36"
185.177.72.16 - - [08/Jan/2026:22:09:49 +0000] "GET /swagger/v1/swagger.json HTTP/1.1" 404 1251 "-" "Mozilla/5.0 (Windows NT 10.0; Win64; x64) AppleWebKit/537.36"
101.99.88.90 - - [08/Jan/2026:22:28:39 +0000] "GET /wp-includes/qq4c4896/index.php HTTP/1.1" 404 1251 "-" "-"
101.99.88.90 - - [09/Jan/2026:00:33:32 +0000] "GET / HTTP/1.1" 200 5151 "-" "Mozilla/5.0 (compatible; Googlebot/2.1; +http://www.google.com/bot.html)"
216.73.216.146 - - [09/Jan/2026:00:54:16 +0000] "GET /robots.txt HTTP/1.1" 200 113 "-" "Mozilla/5.0 AppleWebKit/537.36 (KHTML, like Gecko; compatible; ClaudeBot/1.0; +claudebot@anthropic.com)"
216.73.216.146 - - [09/Jan/2026:00:54:17 +0000] "GET /pages.php?l=11347 HTTP/1.1" 200 80166 "-" "Mozilla/5.0 AppleWebKit/537.36 (KHTML, like Gecko; compatible; ClaudeBot/1.0; +claudebot@anthropic.com)"
101.99.88.90 - - [09/Jan/2026:01:32:53 +0000] "GET / HTTP/1.1" 200 5151 "-" "Mozilla/5.0 (compatible; Googlebot/2.1; +http://www.google.com/bot.html)"
101.99.88.90 - - [09/Jan/2026:01:32:54 +0000] "GET /wp-includes/qq4c4896/index.php HTTP/1.1" 404 1251 "-" "-"
216.73.216.146 - - [09/Jan/2026:02:22:58 +0000] "GET /robots.txt HTTP/1.1" 200 113 "-" "Mozilla/5.0 AppleWebKit/537.36 (KHTML, like Gecko; compatible; ClaudeBot/1.0; +claudebot@anthropic.com)"
216.73.216.146 - - [09/Jan/2026:02:22:58 +0000] "GET /kaki.php HTTP/1.1" 200 337 "-" "Mozilla/5.0 AppleWebKit/537.36 (KHTML, like Gecko; compatible; ClaudeBot/1.0; +claudebot@anthropic.com)"